{"id":669,"date":"2025-10-01T15:55:16","date_gmt":"2025-10-01T13:55:16","guid":{"rendered":"https:\/\/kondensteknik.se\/?page_id=669"},"modified":"2025-10-02T08:39:41","modified_gmt":"2025-10-02T06:39:41","slug":"artiklar","status":"publish","type":"page","link":"https:\/\/kondensteknik.se\/index.php\/artiklar\/","title":{"rendered":"Artiklar"},"content":{"rendered":"\n<p><strong>Artiklar om kondens &amp; kondensskydd<\/strong><\/p>\n\n\n\n<p><strong>Hur uppst\u00e5r kondens ?<\/strong><\/p>\n\n\n\n<p>Kondens uppst\u00e5r n\u00e4r varm fuktig luft tr\u00e4ffar en tillr\u00e4ckligt kall yta. Luft kan v1d varje temperatur endast h\u00e5lla kvar en viss maximal m\u00e4ngd vatten\u00e5nga. Ju h\u00f6gre temperatur luften har desto mer vatten\u00e5nga kan luften b\u00e4ra. Om nu varm \u201dom\u00e4ttad \u201d luft tr\u00e4ffar en kall yta, och n\u00e5r den temperatur d\u00e4r luften blir m\u00e4ttad, den s.k. daggpunkten, m\u00e5ste luften sl\u00e4ppa ifr\u00e5n sig det vatten den inte kan b\u00e4ra. Kondens uppst\u00e5r p\u00e5 ytan.<\/p>\n\n\n\n<p><a href=\"http:\/\/kondensteknik.se\/index.php\/kondensforloppet\/\">L\u00e4s mer<\/a><\/p>\n\n\n\n<p><strong>Skaderisker och reparationer<\/strong><\/p>\n\n\n\n<p>B\u00e5de fiber och duk har ibland problem med att sl\u00e4ppa fukt efter en tid samt m\u00f6gel. Skador p\u00e5 fiber och duk kan repareras p\u00e5 byggplatsen med fullgott resultat med v\u00e5rt Erfo Guard Sealer + AC. Med Erfo Guard kan man \u00e4ven \u00f6ka kapaciteten genom att g\u00f6ra en behandling till \u2013 kan vara bra om f\u00f6rh\u00e5llandena \u00e4ndras i lokalen.<\/p>\n\n\n\n<p><strong>Absorbationsf\u00f6rm\u00e5ga f\u00f6r olika kondensskydd<\/strong><\/p>\n\n\n\n<figure class=\"wp-block-table\"><table class=\"has-fixed-layout\"><tbody><tr><td>&nbsp;Duk<\/td><td>&nbsp;Max 500 g\/m\u00b2 (Sl\u00e4pper in vatten vid \u00e5sar och reglar)<\/td><\/tr><tr><td>&nbsp;Fiber<\/td><td>&nbsp;Max 300 g\/m\u00b2 (Sl\u00e4pper in vatten vid \u00e5sar och reglar, kr\u00e4ver taklutning)<\/td><\/tr><tr><td>&nbsp;Erfo Guard<\/td><td>&nbsp;700 g\/m\u00b2 \u2013 1000 g\/m\u00b2 utefter behandling och behov<\/td><\/tr><\/tbody><\/table><\/figure>\n","protected":false},"excerpt":{"rendered":"<p>Artiklar om kondens &amp; kondensskydd Hur uppst\u00e5r kondens ? Kondens uppst\u00e5r n\u00e4r varm fuktig luft tr\u00e4ffar en tillr\u00e4ckligt kall yta. Luft kan v1d varje temperatur endast h\u00e5lla kvar en viss maximal m\u00e4ngd vatten\u00e5nga. Ju h\u00f6gre temperatur luften har desto mer vatten\u00e5nga kan luften b\u00e4ra. Om nu varm \u201dom\u00e4ttad \u201d luft tr\u00e4ffar en kall yta, och [&hellip;]<\/p>\n","protected":false},"author":1,"featured_media":0,"parent":0,"menu_order":0,"comment_status":"closed","ping_status":"closed","template":"","meta":{"footnotes":""},"class_list":["post-669","page","type-page","status-publish","hentry"],"_links":{"self":[{"href":"https:\/\/kondensteknik.se\/index.php\/wp-json\/wp\/v2\/pages\/669","targetHints":{"allow":["GET"]}}],"collection":[{"href":"https:\/\/kondensteknik.se\/index.php\/wp-json\/wp\/v2\/pages"}],"about":[{"href":"https:\/\/kondensteknik.se\/index.php\/wp-json\/wp\/v2\/types\/page"}],"author":[{"embeddable":true,"href":"https:\/\/kondensteknik.se\/index.php\/wp-json\/wp\/v2\/users\/1"}],"replies":[{"embeddable":true,"href":"https:\/\/kondensteknik.se\/index.php\/wp-json\/wp\/v2\/comments?post=669"}],"version-history":[{"count":1,"href":"https:\/\/kondensteknik.se\/index.php\/wp-json\/wp\/v2\/pages\/669\/revisions"}],"predecessor-version":[{"id":670,"href":"https:\/\/kondensteknik.se\/index.php\/wp-json\/wp\/v2\/pages\/669\/revisions\/670"}],"wp:attachment":[{"href":"https:\/\/kondensteknik.se\/index.php\/wp-json\/wp\/v2\/media?parent=669"}],"curies":[{"name":"wp","href":"https:\/\/api.w.org\/{rel}","templated":true}]}}