{"id":665,"date":"2025-10-01T15:53:14","date_gmt":"2025-10-01T13:53:14","guid":{"rendered":"https:\/\/kondensteknik.se\/?page_id=665"},"modified":"2025-10-02T08:52:58","modified_gmt":"2025-10-02T06:52:58","slug":"produkter","status":"publish","type":"page","link":"https:\/\/kondensteknik.se\/index.php\/produkter\/","title":{"rendered":"Produkter"},"content":{"rendered":"\n<p>V\u00e5r kondensskyddsmassa A\/C anticondens ger ett riktigt bra skydd mot fuktskador orsakat av kondens. Det \u00e4r milj\u00f6vv\u00e4nligt och d\u00e4rf\u00f6r bra att anv\u00e4nda till djurstallar, badrum, k\u00f6k och k\u00e4llare. A\/C anticondens \u00e4r ekonomiskt och brandss\u00e4kert och sprutas enkelt p\u00e5 med h\u00f6gtrycksspruta eller strykes p\u00e5 med en pensel.<\/p>\n\n\n\n<p><strong>Erfo Guard AC<\/strong><\/p>\n\n\n\n<p>Vi \u00e4r direkt \u00e5terf\u00f6rs\u00e4ljare utav Erfo Guard AC. Burkarna s\u00e4ljes om 13KG\/st.<br>Kontakta oss f\u00f6r aktuellt pris och m\u00e4ngdrabatt:&nbsp;<a href=\"http:\/\/kondensteknik.se\/index.php\/kontakt\/\">Kontakt<\/a><\/p>\n\n\n\n<p><strong>A\/C&nbsp; anticondens<\/strong>&nbsp;\u00e4r en brandresistent kondensskyddsmassa med i m\u00e5nga avseenden unika egenskaper. Massan \u00e4r en vidareutveckling av v\u00e5r tidigare v\u00e4lk\u00e4nda kondensskyddsmassa, och ger \u00e4nnu b\u00e4ttre skydd \u00e4n tidigare.<\/p>\n\n\n\n<p><strong>AC antikondensmassa<\/strong>&nbsp;kan bel\u00e4ggas b\u00e5de f\u00f6re och efter monteringen av pl\u00e5ten, \u00e4ven tidigare behandlad pl\u00e5t kan nybehandlas efter avtv\u00e4ttning av gammalt kondensskydd.<\/p>\n\n\n\n<p><strong>Ekonomisk<\/strong>&nbsp;mindre m\u00e4ngd massa per m\u00b2 f\u00f6r samma eller b\u00e4ttre kondensskydd.<\/p>\n\n\n\n<p><strong>Milj\u00f6v\u00e4nlig<\/strong>&nbsp;massan inneh\u00e5ller inga farliga l\u00f6sningsmedel.<\/p>\n\n\n\n<p><strong>Brands\u00e4kerhet<\/strong>&nbsp;enligt nya h\u00e5rt st\u00e4llda krav f\u00f6r anv\u00e4ndning p\u00e5 t ex offshore-installationer.<\/p>\n\n\n\n<p><a href=\"http:\/\/kondensteknik.se\/index.php\/erfo-guard-ac\/\">L\u00e4s mer<\/a><\/p>\n\n\n\n<hr class=\"wp-block-separator has-alpha-channel-opacity\"\/>\n\n\n\n<p><strong>Erfo Guard AC+<\/strong><\/p>\n\n\n\n<p>Vi \u00e4r direkt \u00e5terf\u00f6rs\u00e4ljare utav Erfo-Guard AC+. Burkarna s\u00e4ljes om 13KG\/st.<br>Kontakta oss f\u00f6r aktuellt pris och m\u00e4ngdrabatt:&nbsp;<a href=\"http:\/\/kondensteknik.se\/index.php\/kontakt\/\">Kontakt<\/a><\/p>\n\n\n\n<p><strong>Produktbeskrivning<\/strong><\/p>\n\n\n\n<p>Armerad bel\u00e4ggningsmassa p\u00e5 copolymerbas med ett kombinat av Biocider. BioRid \u00e4r en utveckling av tidigare produkter och tillverkas under samma patent.<\/p>\n\n\n\n<p><strong>Anv\u00e4ndningsomr\u00e5de<\/strong><\/p>\n\n\n\n<p>M\u00f6gel- och kondensskyddande bel\u00e4ggning avsedd f\u00f6r ytor utsatta f\u00f6r m\u00f6gel och fuktangrepp.<\/p>\n\n\n\n<p><strong>Speciella egenskaper<\/strong><\/p>\n\n\n\n<p>\u2013 M\u00f6gel- och kondenshindrande<br>\u2013 Resistent mot brand och flamspridning<br>\u2013 Fullst\u00e4ndigt diffusions\u00f6ppen<br>\u2013 R\u00f6relseupptagande<br>\u2013 Vibrationsd\u00e4mpande och v\u00e4rmeisolerande<\/p>\n\n\n\n<p><strong>F\u00f6rbehandling<\/strong><\/p>\n\n\n\n<p>Angripna ytor tv\u00e4ttas med Erfo Guard Bio Wash, varefter underlaget grundas med Erfo Guard BioSeal. Rostande ytor missf\u00e4rgar. Grunda med rostskyddsprimer.<\/p>\n\n\n\n<p><strong>Applicering<\/strong><\/p>\n\n\n\n<p>Standardkvalitet f\u00f6r lufttrycksspruta och penselkvalitet f\u00f6r airlesspruta och pengselstrykning.<\/p>\n\n\n\n<hr class=\"wp-block-separator has-alpha-channel-opacity\"\/>\n\n\n\n<p><strong>Erfo Guard Sealer<\/strong><\/p>\n\n\n\n<p>Vi \u00e4r direkt \u00e5terf\u00f6rs\u00e4ljare utav Erfo Guard Sealer. Burkarna s\u00e4ljes om 20Liter\/st.<br>Kontakta oss f\u00f6r aktuellt pris och m\u00e4ngdrabatt:&nbsp;<a href=\"http:\/\/kondensteknik.se\/index.php\/kontakt\/\">Kontakt<\/a><\/p>\n\n\n\n<p><strong>Produktbeskrivning<\/strong><\/p>\n\n\n\n<p>BioSeal \u00e4r baserad p\u00e5 en sampolymerdispersion av styrenacrylat. Den har mycket goda penetrerande egenskaper och h\u00f6g verkningsgrad mot mikroorganismer.<\/p>\n\n\n\n<p><strong>Anv\u00e4ndningsomr\u00e5de<\/strong><\/p>\n\n\n\n<p>BioSeal anv\u00e4nds som grundning p\u00e5 sv\u00e5rt angripna ytor och p\u00e5 sugande underlag f\u00f6re behandling med Erfo Guard AC \/ AC+.<\/p>\n\n\n\n<p><strong>F\u00f6rbehandling<\/strong><\/p>\n\n\n\n<p>Underlaget skall vara rent fr\u00e5n f\u00f6roreningar typ sot, olja och fett. Smutsade och angripna ytor reng\u00f6rs med Erfo Guard BioWash.<\/p>\n\n\n\n<p><strong>Applicering<\/strong><\/p>\n\n\n\n<p>Spruta, pensel eller roller.<\/p>\n\n\n\n<hr class=\"wp-block-separator has-alpha-channel-opacity\"\/>\n\n\n\n<p><strong>Erfo Guard BioWash<\/strong><\/p>\n\n\n\n<p>Vi \u00e4r direkt \u00e5terf\u00f6rs\u00e4ljare utav Erfo Guard BioWash. Burkarna s\u00e4ljes om 20Liter\/st.<br>Kontakta oss f\u00f6r aktuellt pris och m\u00e4ngdrabatt:&nbsp;<a href=\"http:\/\/kondensteknik.se\/index.php\/kontakt\/\">Kontakt<\/a><\/p>\n\n\n\n<p><strong>Produktbeskrivning<\/strong><\/p>\n\n\n\n<p>BioWash \u00e4r en m\u00f6gelsaneringsv\u00e4tska baserad p\u00e5 benzalkoniumklorid l\u00f6st i vatten. Den utm\u00e4rkes av l\u00e5g giftighet samt kraftigt reng\u00f6rande effekt.<\/p>\n\n\n\n<p><strong>Anv\u00e4ndningsomr\u00e5de<\/strong><\/p>\n\n\n\n<p>BioWash \u00e4r verksam mot bakterier, fungi samt alger. Rekommenderas f\u00f6r behandling av m\u00e5lade ytor, puts, tegel, tr\u00e4 etc.<br>BioWash blandad med vatten 1:4 \u00e4r \u00e4ven anv\u00e4ndbar till daglig sterilisering av ytor och utrustning.<\/p>\n\n\n\n<p><strong>Applicering<\/strong><\/p>\n\n\n\n<p>Standardkvalitet f\u00f6r lufttrycksspruta och penselkvalitet f\u00f6r airlesspruta och penselstrykning.<\/p>\n\n\n\n<p><strong>Om kondens<\/strong><\/p>\n\n\n\n<p>Kondens orsakar fuktskador som rost och m\u00f6gel och kostar samh\u00e4llet miljarder varje \u00e5r. Kondens \u00e4r vanligt vatten som \u00f6verg\u00e5tt fr\u00e5n vatten\u00e5nga till flytande form. Tex n\u00e4r du tappar upp ett varmt bad i badrummet eller kokar potatis i k\u00f6ket. Det \u00e4r n\u00e4r kondens uppst\u00e5r p\u00e5 fel plats som tex i k\u00e4llare eller lagerlokaler som fuktskador kan uppst\u00e5.<\/p>\n","protected":false},"excerpt":{"rendered":"<p>V\u00e5r kondensskyddsmassa A\/C anticondens ger ett riktigt bra skydd mot fuktskador orsakat av kondens. Det \u00e4r milj\u00f6vv\u00e4nligt och d\u00e4rf\u00f6r bra att anv\u00e4nda till djurstallar, badrum, k\u00f6k och k\u00e4llare. A\/C anticondens \u00e4r ekonomiskt och brandss\u00e4kert och sprutas enkelt p\u00e5 med h\u00f6gtrycksspruta eller strykes p\u00e5 med en pensel. Erfo Guard AC Vi \u00e4r direkt \u00e5terf\u00f6rs\u00e4ljare utav Erfo [&hellip;]<\/p>\n","protected":false},"author":1,"featured_media":0,"parent":0,"menu_order":0,"comment_status":"closed","ping_status":"closed","template":"","meta":{"footnotes":""},"class_list":["post-665","page","type-page","status-publish","hentry"],"_links":{"self":[{"href":"https:\/\/kondensteknik.se\/index.php\/wp-json\/wp\/v2\/pages\/665","targetHints":{"allow":["GET"]}}],"collection":[{"href":"https:\/\/kondensteknik.se\/index.php\/wp-json\/wp\/v2\/pages"}],"about":[{"href":"https:\/\/kondensteknik.se\/index.php\/wp-json\/wp\/v2\/types\/page"}],"author":[{"embeddable":true,"href":"https:\/\/kondensteknik.se\/index.php\/wp-json\/wp\/v2\/users\/1"}],"replies":[{"embeddable":true,"href":"https:\/\/kondensteknik.se\/index.php\/wp-json\/wp\/v2\/comments?post=665"}],"version-history":[{"count":1,"href":"https:\/\/kondensteknik.se\/index.php\/wp-json\/wp\/v2\/pages\/665\/revisions"}],"predecessor-version":[{"id":666,"href":"https:\/\/kondensteknik.se\/index.php\/wp-json\/wp\/v2\/pages\/665\/revisions\/666"}],"wp:attachment":[{"href":"https:\/\/kondensteknik.se\/index.php\/wp-json\/wp\/v2\/media?parent=665"}],"curies":[{"name":"wp","href":"https:\/\/api.w.org\/{rel}","templated":true}]}}